. List the prime factors of t.
2, 11
Suppose -14*p + 9*p + 3*v = 1, 5*p = 5*v + 5. Let z(m) = -4*m**3 + 5 - m**3 + 3*m**2 + 6*m - 3*m**3. What are the prime factors of z(p)?
3, 23
Let w(b) = 2*b**3 + 10*b**2 + 10*b + 8. Let r be w(-4). Suppose 3*f - 442 = 2*v, -3*v + 417 = -r*f + 3*f. What are the prime factors of f?
2, 3
Let y = 69680 - 44944. What are the prime factors of y?
2, 773
Let g(v) be the first derivative of -v**4/2 + 14*v**3/3 - 3*v**2/2 - 8*v + 26. What are the prime factors of g(6)?
2, 23
Suppose -20805 = -46*p - 1071. Suppose p = -5*z + 4494. List the prime factors of z.
3, 271
Let d(n) = 2*n**2 + 2*n - 4. Let a be d(3). Suppose -a = -0*i - 4*i. What are the prime factors of (-179)/(-5) - (-1)/i?
2, 3
Let v be (-70)/15 - -5 - (-4)/(-12). Suppose v = -0*d + 8*d - 3256. List the prime factors of d.
11, 37
Suppose -149*k + 22 = -138*k. Suppose -5*m + 14*u + 1204 = 10*u, 0 = k*m + u - 492. What are the prime factors of m?
2, 61
Let d(r) be the third derivative of -r**6/60 - 2*r**5/15 + 2*r**3/3 + 2*r**2 - 100. What are the prime factors of d(-6)?
2, 37
Suppose 10*s - 4*s = 198. List the prime factors of -1*-2*s - 0.
2, 3, 11
Suppose -j = t - 9 + 2, -5*j = 2*t - 26. Suppose -10 = 5*v + 2*i - 2, -2 = 3*v + j*i. What are the prime factors of 1*v + 543/(-3)*-1?
179
Let g(p) = 640*p**2 + 118*p - 115. Let h be g(1). Let t be 4/(-6)*(-18)/3. Suppose -t*c - 5*m = -h, -2*m - 573 - 105 = -4*c. What are the prime factors of c?
167
Let b = 3592 + -1625. Suppose 13*f - 23859 = -b. What are the prime factors of f?
2, 421
Let n be 1*((-48)/(-6) + 2). Let v(y) = y**3 - 8*y**2 + 25*y + 12. List the prime factors of v(n).
2, 3, 7, 11
Let x be 111/36 - (-2)/(-24). Suppose 2*t + 2450 = 4*t + x*c, -4*t = 2*c - 4916. List the prime factors of t.
1231
List the prime factors of (-11 - 287508/(-91)) + (-8)/(-14).
47, 67
Suppose 2*j = -6*j + 4*j. Suppose 4*q + 28 = -j. What are the prime factors of (12/q)/((6/315)/(-1))?
2, 3, 5
Let g(n) = 215 - 13*n - n - 229. What are the prime factors of g(-7)?
2, 3, 7
Suppose -227 - 357 = z. Let c = -156 - z. Suppose 98*u - c = 94*u. What are the prime factors of u?
107
Let f = 597 - -537. What are the prime factors of f?
2, 3, 7
Let a = -37 + 27. Let k = a - -13. Let x(f) = 54*f + 5. List the prime factors of x(k).
167
What are the prime factors of (7 + (-980)/15)/(10/(-210))?
5, 7
Let f(o) = -o**3 + 21*o**2 - 45*o + 10. Suppose 15 = -5*u + 105. What are the prime factors of f(u)?
2, 43
Suppose 0 = -2*b + 3*b. Suppose b = 26*l - 24*l + 1134. List the prime factors of ((-1)/(-3))/((-3)/l).
3, 7
Suppose -n = 3, 5*y + 3739 = -0*n - 3*n. Let s = y - -1525. What are the prime factors of s?
19, 41
Suppose -8*z - 20 = -3*z. Let c be ((-66)/44)/(2/z). Suppose c*o = -4*w + 293, 233 = 5*o + 4*w - 258. List the prime factors of o.
3, 11
Suppose 0 = 5*s + 15*z - 19*z - 270539, 4*s - z - 216429 = 0. List the prime factors of s.
61, 887
Let n = 13 - 25. Let g be 0/(-2 + 2 - (-11 - n)). Let x(j) = 12*j + 222. What are the prime factors of x(g)?
2, 3, 37
Let n = 123 - 66. Suppose 0 = -5*q + 993 + n. Suppose -4*x = 3*f - q - 9, 4*f + 4*x - 288 = 0. What are the prime factors of f?
3, 23
Let f(h) = -h + 8. Let j be f(-5). Suppose -j*b + 10*b = -84. Suppose 2*d + q + 96 = 7*d, -3*q - b = -2*d. What are the prime factors of d?
2, 5
Let x = -618 - -471. Let n = x - -583. What are the prime factors of n?
2, 109
Let v be 2/16 - (20/32)/5. Let x be (-88)/(-8) + (v - 1). Suppose -56 + 16 = -x*p. List the prime factors of p.
2
Let x = -39865 + 59072. What are the prime factors of x?
19207
Suppose 3*j + 2*j + 3*z = 7415, -3*j + z + 4435 = 0. Suppose 2*f - f + 2*m = j, 5930 = 4*f + 3*m. What are the prime factors of f?
2, 7, 53
Let t(f) = -8*f**2 + 14*f + 328. Let s(o) = -3*o**2 + 5*o + 109. Let y be (42/12)/(-7) - (-21)/(-2). Let a(i) = y*s(i) + 4*t(i). List the prime factors of a(0).
113
Let p be ((-3)/(-1)*-2)/((-10)/25). Suppose -18*y = -p*y - 3234. List the prime factors of y.
2, 7, 11
Let n = 2271 + -765. Suppose 14*y - 994 = 12*y + 4*d, -3*y + d = -n. What are the prime factors of y?
503
Let b(i) = -10*i + 290. Let x be b(12). Let m(c) = 4*c**3 + c**2 - 3*c - 3. Let w be m(-3). Let d = x + w. List the prime factors of d.
7, 11
Let k(c) = c**3 - 8*c**2 + 14*c + 8. Let s be k(5). Suppose -s*h + 741 = 5*q - 0*q, -5*h + q = -1235. What are the prime factors of h?
13, 19
List the prime factors of ((-155)/5)/(6/(-2346)).
17, 23, 31
Let o(q) = q**2 - q - 10. Let w be o(-3). Suppose -w*z + 518 = -270. List the prime factors of z.
2, 197
Let q(i) be the first derivative of -i**4/4 - 5*i**3/3 + 2*i**2 + 30*i + 37. Let f = 9 + -15. What are the prime factors of q(f)?
2, 3, 7
Let w = -3802 - -15422. What are the prime factors of w?
2, 5, 7, 83
Suppose 1591*q - 1583*q - 54920 = 0. List the prime factors of q.
5, 1373
Let h = 21 - 91. What are the prime factors of (-42760)/h + 2/14?
13, 47
Suppose -5*v + 63920 = 11*v. List the prime factors of v/20 + (-10)/(-8).
3, 67
Let i = 208927 - 138591. List the prime factors of i.
2, 7, 157
Suppose -170*i = -175*i - h + 12227, 3*i = h + 7341. Suppose 35*g = 33*g + i. List the prime factors of g.
1223
List the prime factors of (-267)/(-4)*22*40/220.
3, 89
Let z(m) = -m**3 + 5*m + 2. Let b be z(2). Suppose b*v = 6595 - 1939. List the prime factors of v.
2, 3, 97
Let o(h) = 42 + 22*h + 39 + 11. What are the prime factors of o(16)?
2, 3, 37
Suppose 0 = 6*x - 638 + 2600. Let n = 42 - x. List the prime factors of n.
3, 41
Let i(s) = s**3 + 30*s**2 + 2*s + 31. Let l be i(-27). Suppose l + 230 = 19*x. What are the prime factors of x?
2, 3, 7
Let f be (2/(-6))/(11/(-63987)). Let p = -1150 + f. What are the prime factors of p?
3, 263
Let x(z) = z**2 - 36*z - 32. Let t be x(37). Suppose -203 = -2*a - t*u, -a - 13*u = -18*u - 139. What are the prime factors of a?
2, 3, 19
Suppose s + 64 = 4*b, -5*s = 5*b - 0*b - 55. Suppose -25*d + b*d = -3110. List the prime factors of d.
311
Suppose -f + 1622 + 454 = 3*m, 0 = 3*f. Suppose 9*g + m = 6470. What are the prime factors of g?
2, 3, 107
Let b = 54 + -43. Let s be 142/(-12) - b/66. What are the prime factors of (-1)/2 - 438/s?
2, 3
Suppose -1450*a + 1452*a - x - 7690 = 0, 11531 = 3*a - x. What are the prime factors of a?
23, 167
Suppose -39*c - 87765 = -44*c - w, 0 = c - 5*w - 17579. List the prime factors of c.
2, 67, 131
Suppose -105 - 111 = 3*t. Let w = t + 86. Suppose w*x - 1005 = -x. What are the prime factors of x?
67
Let g(y) = -762*y + 3822. List the prime factors of g(-39).
2, 3, 5, 13, 43
Let o be 9/((-18)/8) + 9. Suppose a + o*q + 126 = 3*a, -196 = -4*a - 4*q. Let b = a + -28. What are the prime factors of b?
5
List the prime factors of (4*10702/(-6))/(8*8/(-96)).
2, 5351
Suppose -37*j - 30 = -42*j. Suppose -4*r + j*r = -3*g + 11, -g - 11 = -3*r. Let b(o) = 48*o + 1. What are the prime factors of b(g)?
7
Suppose -3*s + 6142 - 889 = 0. List the prime factors of s.
17, 103
Suppose 3*x + 284 = 5*f, 3*f - 403 - 81 = 5*x. Let c(q) = 8*q**2 + 6*q - 11. Let l be c(5). Let h = l + x. What are the prime factors of h?
11
Suppose 2*o + 4*j = 18312, -2*o + 18308 = 31*j - 28*j. What are the prime factors of o?
2, 2287
Suppose 3*j + 109 = -4*i, -3*j - 4*i = 2*j + 187. Let g = -40 - j. Let w = g + 6. What are the prime factors of w?
5
Let d = 663 + 1165. What are the prime factors of d?
2, 457
What are the prime factors of (1*(-1 + 0))/(-27 - (-1456264)/53936)?
2, 3371
Suppose -4*p + 3*p - 3*x + 15 = 0, -p - x = -5. Suppose 2*r - g - 18 = 3*g, -2*r + 2*g + 26 = p. Suppose r*t - t = 2640. List the prime factors of t.
3, 5, 11
Suppose 177*g - 132*g - 344970 = 0. What are the prime factors of g?
2, 3833
Suppose 7*z - 25 = 2*z. List the prime factors of (5*336)/z + 6.
2, 3, 19
Let k(n) = 2*n**3 - 23*n**2 - 440*n + 84. List the prime factors of k(26).
2, 1031
Let a = 482 - 782. Let h = 433 + a. What are the prime factors of h?
7, 19
What are the prime factors of -6 + (-277758)/(-10) + 9 + (-12)/15?
2, 17, 19, 43
Suppose -9475 = -2*o - 2*x + 4735, -3*x + 28415 = 4*o. What are the prime factors of o?
2, 5, 71
Let q = 66 - 15. What are the prime factors of 3944/q + 12/(-9)?
2, 19
Let a(i) = 2 + 8*i - i + 62*i**2 - 50*i**2. Let s be a(-3). Let w = -12 + s. List the prime factors of w.
7, 1